s divided by 47?
13
What is the remainder when 32033 is divided by 177?
173
Calculate the remainder when 144 is divided by 85.
59
Calculate the remainder when 284 is divided by 101.
82
What is the remainder when 98 is divided by 20?
18
What is the remainder when 527 is divided by 169?
20
What is the remainder when 22 is divided by 16?
6
Calculate the remainder when 332 is divided by 113.
106
Calculate the remainder when 209 is divided by 27.
20
Calculate the remainder when 44 is divided by 16.
12
Calculate the remainder when 1139 is divided by 57.
56
What is the remainder when 2468 is divided by 484?
48
What is the remainder when 634 is divided by 112?
74
What is the remainder when 411 is divided by 16?
11
What is the remainder when 5 is divided by 4?
1
Calculate the remainder when 101 is divided by 81.
20
What is the remainder when 486 is divided by 165?
156
What is the remainder when 478 is divided by 48?
46
What is the remainder when 110 is divided by 8?
6
What is the remainder when 286 is divided by 13?
0
Calculate the remainder when 166 is divided by 16.
6
What is the remainder when 45 is divided by 8?
5
Calculate the remainder when 127 is divided by 30.
7
What is the remainder when 2123 is divided by 351?
17
Calculate the remainder when 1500 is divided by 5.
0
Calculate the remainder when 220 is divided by 68.
16
Calculate the remainder when 191 is divided by 69.
53
Calculate the remainder when 51 is divided by 29.
22
What is the remainder when 79 is divided by 12?
7
Calculate the remainder when 116 is divided by 18.
8
What is the remainder when 2075 is divided by 2?
1
What is the remainder when 539 is divided by 136?
131
Calculate the remainder when 910 is divided by 2.
0
What is the remainder when 15385 is divided by 157?
156
What is the remainder when 484 is divided by 4?
0
What is the remainder when 2885 is divided by 38?
35
Calculate the remainder when 122 is divided by 30.
2
What is the remainder when 26 is divided by 13?
0
What is the remainder when 52 is divided by 14?
10
Calculate the remainder when 127 is divided by 32.
31
Calculate the remainder when 39 is divided by 14.
11
What is the remainder when 2426 is divided by 93?
8
Calculate the remainder when 1579 is divided by 161.
130
What is the remainder when 14606 is divided by 21?
11
Calculate the remainder when 403 is divided by 128.
19
What is the remainder when 76 is divided by 18?
4
What is the remainder when 48951 is divided by 123?
120
Calculate the remainder when 64 is divided by 11.
9
What is the remainder when 75 is divided by 28?
19
What is the remainder when 43 is divided by 8?
3
Calculate the remainder when 639 is divided by 315.
9
What is the remainder when 2666 is divided by 4?
2
What is the remainder when 3280 is divided by 480?
400
Calculate the remainder when 90 is divided by 11.
2
Calculate the remainder when 223 is divided by 97.
29
What is the remainder when 226 is divided by 66?
28
What is the remainder when 2307 is divided by 145?
132
Calculate the remainder when 3059 is divided by 65.
4
What is the remainder when 117 is divided by 21?
12
Calculate the remainder when 975 is divided by 323.
6
Calculate the remainder when 987 is divided by 23.
21
What is the remainder when 719 is divided by 19?
16
What is the remainder when 512 is divided by 239?
34
Calculate the remainder when 142 is divided by 73.
69
What is the remainder when 92 is divided by 31?
30
Calculate the remainder when 814 is divided by 3.
1
What is the remainder when 199 is divided by 65?
4
What is the remainder when 1744 is divided by 47?
5
Calculate the remainder when 49 is divided by 23.
3
Calculate the remainder when 1499 is divided by 137.
129
What is the remainder when 121 is divided by 114?
7
Calculate the remainder when 152 is divided by 143.
9
Calculate the remainder when 210 is divided by 43.
38
What is the remainder when 341 is divided by 87?
80
Calculate the remainder when 1494 is divided by 1494.
0
Calculate the remainder when 228 is divided by 16.
4
Calculate the remainder when 329 is divided by 43.
28
Calculate the remainder when 32 is divided by 20.
12
Calculate the remainder when 135 is divided by 49.
37
What is the remainder when 29 is divided by 20?
9
Calculate the remainder when 455 is divided by 38.
37
Calculate the remainder when 428 is divided by 204.
20
What is the remainder when 97 is divided by 50?
47
Calculate the remainder when 274 is divided by 82.
28
What is the remainder when 50 is divided by 17?
16
Calculate the remainder when 1478 is divided by 53.
47
Calculate the remainder when 42 is divided by 26.
16
What is the remainder when 10593 is divided by 20?
13
What is the remainder when 479 is divided by 127?
98
What is the remainder when 341 is divided by 108?
17
What is the remainder when 2722 is divided by 269?
32
What is the remainder when 3485 is divided by 16?
13
Calculate the remainder when 1958 is divided by 280.
278
Calculate the remainder when 9115 is divided by 304.
299
Calculate the remainder when 935 is divided by 22.
11
What is the remainder when 52743 is divided by 385?
383
What is the remainder when 1071 is divided by 520?
31
Calculate the remainder when 63 is divided by 8.
7
What is the remainder when 97 is divided by 58?
39
What is the remainder when 56 is divided by 30?
26
Calculate the remainder when 34 is divided by 17.
0
What is the remainder when 69 is divided by 56?
13
What is the remainder when 35 is divided by 10?
5
What is the remainder when 1321 is divided by 18?
7
Calculate the remainder when 95 is divided by 11.
7
What is the remainder when 601 is divided by 250?
101
Calculate the remainder when 692 is divided by 2.
0
What is the remainder when 266 is divided by 69?
59
What is the remainder when 173 is divided by 64?
45
What is the remainder when 292 is divided by 37?
33
Calculate the remainder when 2918 is divided by 296.
254
What is the remainder when 2306 is divided by 110?
106
What is the remainder when 368 is divided by 187?
181
Calculate the remainder when 27 is divided by 14.
13
What is the remainder when 293 is divided by 46?
17
What is the remainder when 2569 is divided by 18?
13
Calculate the remainder when 28617 is divided by 106.
103
What is the remainder when 2639 is divided by 55?
54
What is the remainder when 2672 is divided by 107?
104
Calculate the remainder when 156 is divided by 21.
9
Calculate the remainder when 462 is divided by 58.
56
Calculate the remainder when 90 is divided by 24.
18
What is the remainder when 25 is divided by 12?
1
Calculate the remainder when 408 is divided by 88.
56
What is the remainder when 375 is divided by 13?
11
What is the remainder when 141 is divided by 121?
20
Calculate the remainder when 1040 is divided by 47.
6
What is the remainder when 1533 is divided by 492?
57
What is the remainder when 5909 is divided by 10?
9
Calculate the remainder when 79 is divided by 20.
19
What is the remainder when 612 is divided by 165?
117
What is the remainder when 448 is divided by 30?
28
Calculate the remainder when 436 is divided by 17.
11
Calculate the remainder when 379 is divided by 82.
51
What is the remainder when 460 is divided by 87?
25
Calculate the remainder when 414 is divided by 36.
18
What is the remainder when 40 is divided by 15?
10
What is the remainder when 146 is divided by 30?
26
Calculate the remainder when 28409 is divided by 21.
17
What is the remainder when 6113 is divided by 29?
23
Calculate the remainder when 75 is divided by 22.
9
Calculate the remainder when 956 is divided by 34.
4
What is the remainder when 489 is divided by 32?
9
Calculate the remainder when 6311 is divided by 154.
151
Calculate the remainder when 766 is divided by 84.
10
Calculate the remainder when 501 is divided by 24.
21
What is the remainder when 1275 is divided by 115?
10
What is the remainder when 90 is divided by 23?
21
Calculate the remainder when 358 is divided by 4.
2
What is the remainder when 232 is divided by 7?
1
What is the remainder when 107 is divided by 16?
11
Calculate the remainder when 1229 is divided by 77.
74
Calculate the remainder when 524 is divided by 147.
83
Calculate the remainder when 295 is divided by 122.
51
What is the remainder when 868 is divided by 69?
40
Calcul